e u(6). Let t(k) be the first derivative of r*k + 3/2*k**2 + 2/3*k**3 + 5. Determine t(-3).
11
Let t(a) = -1270*a**2 + 567*a**2 + 705*a**2 + a. Let b be -1*(1 - 1) - 1. Determine t(b).
1
Let v(m) = -m**2 + 8 + 5*m**2 + 9 - 3*m**2 - 8*m. Let i be v(4). Let r(g) = -3*g**2 - g. Determine r(i).
-4
Suppose 17*v - 16 - 52 = 0. Let b(f) = 3 + 5*f + 5*f - v*f + f**2 - 4. Calculate b(-5).
-6
Suppose 0 = -48*d + 46*d - 22. Let u = d + 11. Let s(c) = -c**3 - c**2 - c + 4. What is s(u)?
4
Let j(g) = 5*g - 2*g - 318 + 155 + 162. Let c(d) = -d**2 - 9*d - 8. Let z be c(-8). Let b = z - -1. Give j(b).
2
Suppose 3*y = 5*y + 10, 0 = -3*m - 4*y - 20. Suppose m = -14*k - 6*k - 120. Let q(d) = -4*d - 4. Determine q(k).
20
Let w(o) = -2*o**2 - 2*o + 3. Suppose 0 = 4*x + 5*q - 42, -23 = -5*x - 4*q + 25. Suppose -x = -5*d + d. Give w(d).
-9
Suppose 8*s - 3*s + 3*f = 8, -3*s = 3*f. Suppose r - 15 = -s*r + i, 15 = 5*r + 2*i. Let q(n) = 5 - 6 + 3 - n - 3 - 2. Determine q(r).
-6
Let o(y) be the first derivative of y**5/60 + y**4/4 + y**3/2 - 7*y**2/2 + 20. Let j(w) be the second derivative of o(w). Give j(-2).
-5
Suppose -3 = -3*b, -5*b = -l - 2*l - 2. Let z(i) = 15*i**2. What is z(l)?
15
Let k(t) be the first derivative of 9*t**2/2 - 10*t - 782. Give k(3).
17
Let x(w) = w**2 - 26*w + 28. Let o be x(25). Suppose -39 = o*j - 45. Let c(i) = 3*i**2 + 2*i + 1. Determine c(j).
17
Let v(i) = -i**2 + 2*i + 1. Let x be v(1). Let p(n) = -n + 8 - n**x - 4 - 5 - n**2. What is p(-3)?
-16
Let k = -34 + 37. Let j(n) = n**k - 7*n**3 - 1 + 6*n**3 - n - n**3 - 5*n**2. Calculate j(-5).
4
Suppose -2*a = -5*c + 116, 73 = 3*c + c + 5*a. Suppose -3*o - c = 5*n, -3*n + o + 6 = 22. Let z(b) = -b**2 - 2*b - 2. Give z(n).
-17
Let t(a) = 13*a**2 + 3*a - 2. Let p be t(1). Suppose 3*x = 5*o - 52, 4*o + o - 2*x = 53. Let k = o - p. Let h(n) = -n**2 + 4. Determine h(k).
-5
Let k(n) = n**2 - 3*n + 1. Let m(x) = 2*x**2 - 5*x + 1. Suppose -2*z = -a + 22, -7*z - 25 = -2*z + 5*a. Let q(l) = z*k(l) + 4*m(l). Determine q(5).
5
Let r(m) = -3*m**2 - 1. Suppose -3*s + 9 = 0, y + 4 - 18 = -5*s. Let u be y*(-2 - 3) + -4. Give r(u).
-4
Let q(m) = 4*m + 1. Let b(c) = c. Let g(z) = 16*z + 3. Let y(a) = 4*b(a) - g(a). Let f(d) = -8*q(d) - 3*y(d). Let w = 4 - 2. Determine f(w).
9
Let r(f) = 32*f - 7. Let a(g) = -16*g + 3. Let q(t) = 9*a(t) + 4*r(t). Give q(-1).
15
Let v(y) be the first derivative of y**5/120 + y**3/3 + 1. Let m(c) be the third derivative of v(c). Suppose 76*k + 768 = 540. Calculate m(k).
-3
Let f(s) be the first derivative of -3*s**2/2 - 10*s + 36. Give f(5).
-25
Let u(w) = 0*w + 6 + w**2 - 18*w + 3*w + 8*w - w. Determine u(9).
15
Let w(y) = 60*y. Let r(v) = 5*v. Let n(q) = -25*r(q) + 2*w(q). Suppose -3*a = 2*a + 10. Calculate n(a).
10
Let z(t) = 2*t - 6. Let x(i) = i - 3. Let n(h) = -13*x(h) + 6*z(h). What is n(-4)?
7
Let l(g) = 11 - 2*g - 2*g + 3*g. Suppose 2*o - 19 = -w + o, 2*w + 3*o = 43. Suppose -2*f = w - 14. Determine l(f).
11
Let c(o) = o + 1. Let j = 426 - 422. What is c(j)?
5
Let l(p) = p - 1. Let s(q) = q**3 - 4*q**2 + 2*q + 3. Let j = -7 + 11. Let o be s(j). Suppose 0 = o*f - 9*f + 4. Calculate l(f).
-3
Let h(o) = o + 9. Let z(l) = 1. Let m(c) = h(c) + 2*z(c). Let i(w) = -w - 12. Let x(p) = 5*i(p) + 6*m(p). Calculate x(-6).
0
Let q(k) = -2 + k + 3*k + 5*k + 8. Let z(w) = w + 1. Let n(v) = -q(v) + 5*z(v). Determine n(-3).
11
Let u(b) = b**2 - 11*b - 8. Suppose 5*n - 2*l - l = 69, n - 27 = 5*l. Calculate u(n).
4
Let q(o) be the third derivative of o**4/12 - o**3/3 + 1063*o**2. Let u(l) = l**2 - l. Let c be u(2). Determine q(c).
2
Let t(u) = u**3 + 6*u**2 - u - 5. Let y = 3 + -9. Let d be t(y). Let w(g) = -2 + 5*g - 4*g**2 + 16*g**2 - 13*g**2 - d. Calculate w(2).
3
Let j be (5/1 + 2)/(-1). Let n(f) be the first derivative of 0*f**2 + 1/4*f**4 + 6*f + 10 + 7/3*f**3. Give n(j).
6
Suppose 2*r - 19 = 5*v, 0*r - 4 = -2*r. Let m(p) be the third derivative of p**6/120 + p**5/15 + p**4/6 - p**3/6 + 11*p**2. What is m(v)?
-4
Let c(x) = 30*x**2 - 1. Let r = -148 - -147. Calculate c(r).
29
Let a(z) be the third derivative of z**4/12 + 11*z**3/3 + 41*z**2. Let g be a(-11). Let o(p) = p**2 - 18. What is o(g)?
-18
Let q(x) = x**3 + 13*x**2 + 13*x + 12. Let f be q(-12). Suppose 3*t + 2*t = 5*s - 40, f = 5*s + 5. Let i = 10 + t. Let n(l) = -3*l**3 - l**2 + 1. Give n(i).
-3
Let f(n) = -n**3 - 7*n**2 - 6*n - 1. Let h be 0 + (-2)/2 + 7 + 4. Suppose -8 - h = 3*c. What is f(c)?
-1
Let l(t) = t**3 + 6*t**2 + 4*t + 3. Suppose 0 = -29*n - 222 + 77. Determine l(n).
8
Let w be -1 - -1 - 2 - (-320)/120. Let v(r) be the first derivative of 2*r - 1 - w*r**3 + 3/2*r**2. Give v(3).
-7
Let i(l) = -l**2 - 6*l - 3. Suppose 2*d + 95 = -3*d. Let r = -20 - d. Let z be 25/(-6) - r/6. What is i(z)?
5
Let v(y) = y + 1 - 2*y**3 + 5*y**3 + 2*y**2 - 3*y**2. Let z = -2695 - -2694. Give v(z).
-4
Let o(r) be the second derivative of 0*r**3 - 4*r**2 + 0 - 6*r + 1/24*r**4. Let b(k) be the first derivative of o(k). Give b(6).
6
Let x(u) be the first derivative of -2*u**3 - 1/2*u**2 + 48 - 1/4*u**4 - 6*u. Calculate x(-6).
0
Let j be (-1)/1 + 6 - -1. Let k(n) = 0*n**3 - j + 0*n**3 - n + n**3. Calculate k(0).
-6
Let a(j) = j**3 - 3*j**2 + 2. Suppose 20 = 6*b - 2*b. Suppose b*s = -i + 3*i - 11, 1 = -s. Calculate a(i).
2
Let v(s) = -s + 10. Let c be 43/(-172) + 38/(-8). Give v(c).
15
Suppose -8 = 2*h - 7*r + 3*r, 5*r = 4*h + 4. Let p(d) = 4*d - 5. Give p(h).
11
Let m(u) = -u**2 - 7*u. Suppose -2*c + z = 9, 3 = -4*c + 4*z - 9. Let l(d) = -d**3 - 8*d**2 - 13*d - 11. Let k be l(c). Calculate m(k).
10
Let w(i) = -23 - i**3 + 27 - 6*i + 0*i**2 - 5*i**2 + 13*i - i**2. Give w(-7).
4
Suppose -2 = 3*t - 4*j, -2*j + 0 = -3*t - 4. Let g(z) = -5*z**2 - 2*z - 1. Determine g(t).
-17
Let z(s) = -3*s**2 + 23 + 11 - 15 + 3*s. Let u(a) = a**2 - a - 9. Let n(c) = 5*u(c) + 2*z(c). Give n(0).
-7
Let q(n) = -9*n + 7. Let i be 0/(-7 - (-11 + (-5)/(-1))). What is q(i)?
7
Let s(q) be the second derivative of q**4/12 + 2*q**3/3 - 5*q**2/2 - 957*q. Calculate s(4).
27
Let v(b) = b**2 + 8*b + 13. Let d = -1924 + 1917. Determine v(d).
6
Let y(z) = -z**3 - 6*z**2 + 7*z + 9. Let s = -150 - -143. Determine y(s).
9
Suppose 0 = -l + 3*l + 2. Let n(v) = -2*v**3 - 9*v**2. Let f(t) = -t**3 - 5*t**2. Suppose 4*c = c + 33. Let j(h) = c*f(h) - 6*n(h). Calculate j(l).
-2
Suppose -5*p - 3*k + 59 = 0, -5*p - k + 24 = -3*p. Let j = 16 - p. Let v(x) = -3*x**3 - 4 - x + 4*x**3 - x**2 - 2*x**j + 4*x. Calculate v(-3).
5
Let q(k) = 7*k**2 + 8*k - 4. Let w(n) = -5*n**2 - 7*n + 2. Let c(y) = 3*q(y) + 4*w(y). Determine c(5).
1
Let c be 0 - 6*5/(-10). Let v(u) = u**2 - 2*u + 3. Let w be v(2). Let j(y) = 6 + w*y - 8 + 0. Determine j(c).
7
Let s(o) = -4*o**2 + 2*o. Let z(n) = -2*n**3 - 4*n**2 - 4*n - 3. Let p be z(-2). Let h be 176/77 + (-4)/14. Suppose 4*k + h = p*k. Calculate s(k).
-12
Let h(t) = -t**3 + 5*t**2 - 4*t. Let a(q) = q**3 - 5*q**2 + 3*q + 1. Let j(l) = -2*a(l) - 3*h(l). Suppose 0 = -4*i + 5*y - 6*y + 19, 5*y - 23 = -2*i. Give j(i).
6
Let h(j) be the second derivative of -j**5/20 - j**4/4 - j**3/3 - j**2 + 7*j - 1. Determine h(-3).
4
Suppose -3*g - 4 = 5*f - 6, f + 5*g + 4 = 0. Let b(y) = -8*y**3 - y**2 + 2*y - 1. What is b(f)?
-8
Let f(w) = -2*w**3 + w**2 - 1. Let d = -27 + 24. Let l(t) = -t**3 - 4*t**2 - 5*t - 7. Let b be l(d). What is f(b)?
2
Let c(k) = 37*k**3 - 2*k**2 + 3*k - 3. Let a be c(1). Suppose -a = -3*w - 2. Let s(b) = b - 6. Determine s(w).
5
Let y = -256 - -249. Let h(l) = l - 4. Calculate h(y).
-11
Let t(s) = -3*s**2 + 4*s + 4. Let n be 5 - 2 - (-28 - -28). Determine t(n).
-11
Let p(i) = 2*i**2 + 24*i + 18. Let k be p(-12). Suppose -2*z - k = 3*t, 4*z + 0*z = 4*t + 4. Let g(d) = -d - 1. Determine g(t).
3
Let v(n) = -n**3 - n - 1. Let w(f) = 6*f**3 - 4*f**2 + 4*f + 9. Let l(m) = -5*v(m) - w(m). Calculate l(3).
8
Let r(u) be the third derivative of u**4/24 + u**3 + 7*u**2 + 2*u. What is r(7)?
13
Let i = 8 + -5. Suppose i*c = 5 + 4. Let a(b) = -b**c - 10 + b - b**2 - 9 + 23. Determine a(0).
4
Let j(q) = 4*q**2 + 4*q - 10. Let m(t) = -5*t**2 - 4*t + 11. Let a be 9/(12/(-4)) - -7. Let i(o) = a*j(o) + 3*m(o). What is i(-5)?
-2
Let u(i) = i**2 - 1730 + 3449 - 1721 + 4*i. Calculate u(-6).
10
Suppose 22*h = 19*h + 78. Let k(o) = 54*o - 25*o - h*o. What is k(5)?
15
Let u(j) =